digit of p?
2
Let f(t) be the second derivative of -7*t**5/20 + t**4/6 + t**3/3 - 9*t**2/2 + 25*t + 2. Let y be f(-4). Let o = -229 + y. What is the tens digit of o?
3
Suppose 2*d - 8990 - 27523 = 5*x, 0 = 4*x - 12. What is the units digit of d?
4
Let d(i) = -8*i**3 + 19*i**3 - 3*i + 9*i + 3*i + 2*i**2. Let u be d(4). Suppose 2*l - 6*l + u = -4*w, 0 = -l + 4*w + 178. What is the hundreds digit of l?
1
Let a(f) be the second derivative of -107*f**5/20 - f**4/4 - 2*f**3/3 - 4*f**2 - 19*f. Let p be a(-2). What is the units digit of ((-6)/(-10))/(p/120 + -7)?
8
Suppose -2*f = 2*f - 12. Suppose h = -f*d + 67, 5*d - 2*h - 6 = 124. What is the tens digit of d?
2
Let k(v) = 2*v**2 + 6*v - 22. Let n be k(-14). Suppose -2*q + 236 = -n. Suppose 2*i = 2*x + 81 + q, 0 = -5*x + 5. What is the hundreds digit of i?
1
Suppose -1041 = -8*l + 23423. Let f = 4437 - l. What is the hundreds digit of f?
3
Suppose 169*b - 196*b + 525399 = -256845. What is the thousands digit of b?
8
Let m be (-4)/30*-39 - (-1)/(-5). Suppose -5*h - 125 = p, -5*h + 6*h - 677 = m*p. What is the units digit of (-570)/p - (-2)/(-9)*1?
4
Suppose -4*j - 20 = 4*f, -3*f + 4*j + 18 + 2 = 0. Suppose f = 4*k + 5*g - 8*g - 1645, -k + 4*g = -408. What is the units digit of k?
2
Let a(j) = -1149*j - 3821. What is the tens digit of a(-29)?
0
Suppose -n + 0*q - 2 = 4*q, -n = 3*q - 2. Suppose -4*z = n - 6. What is the units digit of 5*((-10)/z + -4)?
5
Let z(x) = 316*x - 121*x + 30 - 23 + 28. What is the units digit of z(1)?
0
Let f be (7 - 2) + (-2 - -5). Suppose -f*v - 25 = -2801. What is the tens digit of v?
4
Let w = -1587 - -2783. Suppose 1192 = -33*o + 38*o + 4*q, -5*o + w = 2*q. What is the hundreds digit of o?
2
Let t(m) = 1589*m + 401. What is the tens digit of t(4)?
5
What is the ten thousands digit of -7 + -14 + 15 - (-10716 + 2 - -2)?
1
Suppose 2*d + x = -4*x + 3059, 4*d - 6073 = -x. Suppose 14*f - 303 - d = 0. What is the tens digit of f?
3
Let w = 7660 - -5789. What is the ten thousands digit of w?
1
Suppose -11*n + 2*g = -12*n + 8719, 43570 = 5*n + 5*g. Suppose -10*r + 2741 + n = 0. What is the units digit of r?
5
Let v(y) = 52*y + 43*y - 105*y + 2. Let c = 12 - 34. What is the tens digit of v(c)?
2
What is the thousands digit of (-8)/68 - (-592630)/85?
6
What is the units digit of (-203)/(-2)*(-3620)/(-1267)?
0
Let p = -202 + 205. Suppose -p*t = 6*x - 2*x - 1519, -5*x + t = -1875. What is the tens digit of x?
7
Let a(l) = 711*l - 2164. What is the hundreds digit of a(39)?
5
Let d(i) = -185*i + 987. What is the units digit of d(5)?
2
Suppose 8*b - b = -2*b. Suppose b = 13*n - 12873 + 3344. What is the hundreds digit of n?
7
Let g(u) be the third derivative of 59*u**4/8 + 12*u**3 - 166*u**2. What is the tens digit of g(5)?
5
Suppose 0 = -4*z - 93 - 219. Suppose -3*n = 3*g + 120, 5*n - 6*n + 4*g = 60. Let r = n - z. What is the units digit of r?
4
Let s(a) be the first derivative of 3*a - 7/2*a**2 - 19 + 1/3*a**3. What is the units digit of s(12)?
3
What is the tens digit of (570 + 4/4)*(2 + 85)?
7
Let u(a) = -4*a**2 - 9*a + 48. Let g(b) = -b**2 - b. Let x(t) = 3*g(t) - u(t). Suppose s = 12*s + 187. What is the tens digit of x(s)?
3
Let r(x) = -x**3 + 4*x**2 + 3. Let t be 1 - 7/(-1) - (4 + 0). Let f be r(t). What is the units digit of (-1*(-249)/f)/1?
3
Suppose -42 = -7*a, 2*o + 426*a = 430*a + 115188. What is the tens digit of o?
0
Suppose 0 = 2*q + 2, -3*w - 2*w = -3*q + 147. Let o be 2 - ((-5)/(-10) - w/4). What is the hundreds digit of (4/1)/(o/(-324))?
2
Suppose 5*p = 0, -4*y - 83*p + 29672 = -81*p. What is the thousands digit of y?
7
Let v(u) = u**2 + 5*u + 4. Let q be v(-4). Let t(j) = 2*j**2 + 26 + q*j + 18 - j - 8. What is the tens digit of t(0)?
3
Let l(s) = 13*s**2 + 77*s + 1492. What is the tens digit of l(-26)?
7
Let c(s) = 17*s + 239*s**2 - 12*s**2 - 42 - 13*s**2. What is the tens digit of c(2)?
4
Let y(b) = 41*b + 109. Let t be y(42). Suppose 4*u + 7*m - 2448 = 5*m, -4*m + t = 3*u. What is the hundreds digit of u?
6
Let v(j) = -91*j - 99. Let n be v(-8). Suppose 624*u = n*u - 110. What is the units digit of u?
2
Suppose -4*d + t - 3*t = -20, -d + 23 = -4*t. Suppose -a - d = -0. Let r(w) = -13*w + 9. What is the hundreds digit of r(a)?
1
Suppose 0 = 3*v + 4*h - 464, -187*v + 184*v - h = -467. What is the hundreds digit of v?
1
Suppose 3*p + 8 = z + z, 0 = -3*z - 2*p + 25. Let h(t) = -10 - 4*t + z*t + 10*t - 6. What is the tens digit of h(7)?
7
Suppose 1364009 = -4*d - 3*x, 4*x - 787486 = 2*d - 105498. What is the hundreds digit of d/(-836) - (-4)/38?
4
Let x = 903 - -4022. What is the hundreds digit of x?
9
Suppose 69870 + 33002 = 22*n. What is the units digit of n?
6
Let l(b) be the second derivative of 55/2*b**2 - 25*b + 1/12*b**4 + 1/6*b**3 + 0. What is the units digit of l(0)?
5
Let z = -12020 + 16034. What is the hundreds digit of z?
0
Let u be (-24)/(-11) + 2/(-11). Suppose -5*y - 4*d + 1528 = -4258, u*y = -3*d + 2320. What is the tens digit of y?
5
Suppose -4*u - 488 = -2*i, 3*i - 244 = -8*u + 10*u. Let x = u - -219. What is the units digit of x?
7
Let b(w) = -w**2 + 4*w + 14. Let r be b(6). Let a(d) = -12*d**2 + 8*d**r + 28 - d**3 - 4*d - 17*d**2. What is the units digit of a(-21)?
2
Let o = 39948 + 19062. What is the ten thousands digit of o?
5
Suppose -2*b - 4*t = -11104, 4*t + 16626 = -b + 4*b. What is the units digit of b?
6
Suppose 80 = 4*j + 20. Suppose 0 = -5*z - 55 + j. What is the units digit of 0*(-2)/z + (-2 - -104)?
2
Let i(z) = 24*z - 188. Let v be i(8). Suppose v*o + 4*o - 992 = 0. What is the tens digit of o?
2
Suppose 18*c - 27*c - 5*o = -59432, -5*o = -5. What is the hundreds digit of c?
6
Let b(x) = -2*x - 4. Let s be b(-3). Suppose -2*w + 80 = s*h, -4*w + 5*w + 2*h = 36. Suppose w = -4*q + 372. What is the tens digit of q?
8
Let l = 91703 - 45775. What is the thousands digit of l?
5
Let y(b) = -3545*b - 404. What is the units digit of y(-8)?
6
Let p(h) = -2 + 33*h + 2*h**2 - h**3 - 78*h - 19*h**2 - 4*h**2 - 59. What is the tens digit of p(-20)?
3
Suppose -j = -3*j - 4, 97 = m - 2*j. Let r = -69 + m. What is the units digit of r/(-264) - (-3125)/11?
4
Let s(a) = 4*a - 2. Let g be s(12). Suppose 30 = -2*t - 4*r, -4*t - 4*r + 3*r - g = 0. Let h(d) = d**3 + 16*d**2 + 36*d. What is the hundreds digit of h(t)?
2
Suppose 14*o = 21*o - 427. Suppose 56*z - o*z + 1060 = 0. What is the tens digit of z?
1
Suppose 0 = -230*k + 222*k + 37968. What is the tens digit of k?
4
Suppose -7*b = -3 - 137. Let c = 24 - b. Suppose 5*t = k - 65, -2*k - t + 101 = c. What is the units digit of k?
0
What is the units digit of 6027 + -5 + 0/(-1*(5 - 7))?
2
Let m = 4919 + -2302. Let j = m + -1761. What is the units digit of j?
6
What is the units digit of ((-1750)/(-210))/(2/1428 + 0)?
0
Let x(l) = -3 + l + 5 - 2. Let o be x(4). Suppose -5*d = -o*c - 84, -3*c - 35 = 5*d - 112. What is the tens digit of d?
1
Let a(m) = 26*m**2 - 3*m - 3. Let x be a(-4). Let t = 1931 + -1500. Suppose 4*f - h = -91 + t, -5*f - 3*h + x = 0. What is the tens digit of f?
8
Suppose 0 = 4*x - 4*c + 3678 - 12670, -2*x = -c - 4494. What is the tens digit of x?
4
Let j(r) = -821*r + 3797. What is the tens digit of j(-10)?
0
Let y = 229 - 80. Let l = 153 - y. What is the units digit of l?
4
Let k(f) = -12*f**3 + f**2 - 4. Let l(j) = j - 21. Suppose 52 = 3*z - x, z - 2*x - 24 = -3*x. Let s be l(z). What is the units digit of k(s)?
6
Let u(h) = -h**3 - 11*h**2 + 30*h - 33. Let x be u(-14). Let s = 249 + x. What is the units digit of s?
4
Let r(n) = -n**3 - 39*n**2 - 291. What is the thousands digit of r(-41)?
3
Let i = 634 + -636. What is the hundreds digit of 5 + (i - 14*(-86)/4)?
3
Let w = 685 + -685. Suppose w = -311*o + 314*o - 3633. What is the hundreds digit of o?
2
Suppose 17*i - 9*i + 152 = 0. Let f(y) = -y**3 - 19*y**2 - 12*y - 44. What is the units digit of f(i)?
4
Let h(m) = -4*m + 47. Let y be h(11). Suppose y = -3*o + 372. Suppose 2*l + 4*j - 283 = o, -3*j = -2*l + 406. What is the tens digit of l?
0
Let r = 113 - -15. Suppose -54 = -2*u + x, -4*u - 3*x = -0*x - r. What is the units digit of u?
9
What is the tens digit of (-1134)/84*((-26768)/3)/8?
5
Suppose f - 162 - 11 = -4*j, 4*f - 4*j - 772 = 0. What is the hundreds digit of f?
1
Let u(f) = -f**3 - 23*f**2 - 92*f + 5. Let d(a) = -a**2 +